2480?
True
Is 3 a factor of 102519?
True
Is 40 a factor of 42010?
False
Is 75 a factor of 2225775?
True
Does 10 divide 3625?
False
Is 100 a factor of 429900?
True
Is 4 a factor of 358267?
False
Is 82 a factor of 61042?
False
Does 192 divide 10250304?
True
Is 7118490 a multiple of 10?
True
Is 44 a factor of 1441582?
False
Is 146 a factor of 149578?
False
Is 29 a factor of 41042?
False
Does 426 divide 7885105?
False
Is 247349 a multiple of 31?
True
Does 9 divide 595908?
True
Is 121 a factor of 712194?
False
Does 12 divide 7535628?
True
Does 15 divide 256530?
True
Is 2930894 a multiple of 56?
False
Does 146 divide 324495?
False
Is 2699572 a multiple of 1268?
True
Does 289 divide 1195882?
True
Is 61 a factor of 1739232?
True
Is 71799 a multiple of 91?
True
Is 881 a factor of 1641303?
True
Is 10980363 a multiple of 71?
True
Is 849516 a multiple of 77?
False
Does 43 divide 22494375?
True
Is 80602 a multiple of 211?
True
Is 3 a factor of 757038?
True
Is 83439 a multiple of 381?
True
Does 28 divide 1918420?
True
Is 175 a factor of 50718?
False
Does 38 divide 1778362?
True
Does 72 divide 2230344?
True
Does 18 divide 431658?
True
Is 12186865 a multiple of 33?
False
Does 37 divide 200425?
False
Does 199 divide 265589?
False
Is 13 a factor of 128947?
True
Is 16 a factor of 614020?
False
Is 116255 a multiple of 16?
False
Is 289386 a multiple of 36?
False
Is 6033876 a multiple of 13?
False
Does 432 divide 3193776?
True
Does 39 divide 29007097?
False
Does 180 divide 76255?
False
Is 2756 a multiple of 34?
False
Does 43 divide 53468?
False
Is 243 a factor of 457990?
False
Is 1099728 a multiple of 56?
True
Does 268 divide 20002180?
True
Does 36 divide 1505736?
True
Is 73 a factor of 7858430?
False
Is 1619676 a multiple of 16?
False
Does 287 divide 335919?
False
Is 37 a factor of 13830637?
True
Is 52 a factor of 780988?
True
Is 3951769 a multiple of 17?
True
Does 21 divide 1180706?
False
Is 37 a factor of 1433476?
False
Is 768156 a multiple of 60?
False
Is 74 a factor of 164757?
False
Is 249 a factor of 4337439?
False
Is 33049734 a multiple of 2242?
False
Is 906 a factor of 3190848?
False
Does 54 divide 30291?
False
Is 571454 a multiple of 22?
False
Is 686 a factor of 529076?
False
Does 57 divide 35853?
True
Does 13 divide 9104264?
True
Does 71 divide 139373?
True
Is 232560 a multiple of 120?
True
Does 74 divide 3277884?
False
Does 835 divide 1356040?
True
Is 36558 a multiple of 79?
False
Is 36264 a multiple of 24?
True
Is 21 a factor of 321090?
True
Does 7 divide 1610771?
False
Is 2183950 a multiple of 31?
True
Does 227 divide 281707?
True
Is 324349 a multiple of 376?
False
Does 79 divide 215335?
False
Does 162 divide 795744?
True
Is 494192 a multiple of 10?
False
Does 28 divide 104944?
True
Is 8831 even?
False
Does 17 divide 149803?
False
Does 22 divide 6091762?
False
Is 2414262 a multiple of 95?
False
Does 11 divide 141757?
True
Is 3976843 a multiple of 950?
False
Is 445200 a multiple of 371?
True
Is 946126 a multiple of 1289?
True
Is 5 a factor of 622?
False
Does 7 divide 5507?
False
Does 15 divide 721905?
True
Is 3909678 a multiple of 34?
False
Does 15 divide 405255?
True
Does 646 divide 3319177?
False
Is 940905 a multiple of 63?
True
Is 8 a factor of 72098?
False
Is 288432 a multiple of 144?
True
Does 28 divide 3336186?
False
Is 154686 even?
True
Is 695293 a multiple of 132?
False
Does 55 divide 18097108?
False
Is 26 a factor of 207067?
False
Is 50 a factor of 3420594?
False
Is 373 a factor of 33579?
False
Is 18765 even?
False
Does 33 divide 3079230?
True
Is 637204 a multiple of 81?
False
Is 376422 a multiple of 258?
True
Is 8553 even?
False
Does 41 divide 335456?
False
Is 7349280 a multiple of 183?
True
Is 438449 a multiple of 108?
False
Is 293 a factor of 2184022?
True
Is 255 a factor of 29963?
False
Is 291291 a multiple of 143?
True
Is 226044 a multiple of 702?
True
Is 211 a factor of 393726?
True
Does 12 divide 620808?
True
Is 2514723 a multiple of 504?
False
Does 14 divide 208534?
False
Does 17 divide 9842716?
False
Is 414 a factor of 14257357?
False
Is 4671668 a multiple of 384?
False
Does 150 divide 2860305?
False
Is 57455 a multiple of 34?
False
Does 61 divide 408436?
False
Is 2244909 a multiple of 10?
False
Is 285549 a multiple of 17?
True
Is 25112355 a multiple of 70?
False
Does 3 divide 1616865?
True
Is 149714 a multiple of 7?
False
Is 17 a factor of 989621?
True
Is 76 a factor of 452200?
True
Does 73 divide 2244239?
True
Is 2301208 a multiple of 104?
True
Is 47188 a multiple of 4?
True
Does 4 divide 31076?
True
Is 205918 a multiple of 10?
False
Does 232 divide 8219?
False
Does 134 divide 4264550?
True
Does 49 divide 2444354?
False
Is 133 a factor of 210938?
True
Does 24 divide 11137837?
False
Is 69700 a multiple of 85?
True
Is 10 a factor of 5392230?
True
Is 21 a factor of 403856?
False
Does 12 divide 573457?
False
Is 67 a factor of 907682?
False
Is 616476 a multiple of 11?
False
Does 3 divide 83384?
False
Does 46 divide 8304845?
False
Is 88 a factor of 387464?
True
Is 46 a factor of 95956?
True
Does 29 divide 2039926?
False
Is 20 a factor of 1750800?
True
Is 9327424 a multiple of 110?
False
Does 15 divide 51720?
True
Is 48 a factor of 193296?
True
Is 16 a factor of 131304?
False
Is 75 a factor of 12448050?
True
Does 2 divide 52583?
False
Is 28578 a multiple of 11?
True
Does 41 divide 5157349?
True
Is 48749 a multiple of 17?
False
Does 181 divide 586078?
True
Is 21 a factor of 24675?
True
Is 255 a factor of 913184?
False
Does 98 divide 292334?
True
Is 88 a factor of 94507?
False
Does 421 divide 4250949?
False
Is 94689 a multiple of 9?
True
Is 22 a factor of 199456?
False
Is 942165 a multiple of 135?
True
Is 115264 a multiple of 3?
False
Is 34652743 a multiple of 242?
False
Is 887565 a multiple of 321?
True
Is 56491 a multiple of 9?
False
Is 698310 a multiple of 83?
False
Is 672659 a multiple of 65?
False
Does 71 divide 191674?
False
Is 146189 a multiple of 12?
False
Is 5603 a multiple of 13?
True
Is 99 a factor of 1518066?
True
Does 2 divide 38885?
False
Is 675 a factor of 1909575?
True
Is 245473 a multiple of 22?
False
Does 94 divide 464360?
True
Does 66 divide 1404876?
True
Does 5 divide 33424?
False
Is 204641 a multiple of 58?
False
Is 1123924 a multiple of 6?
False
Does 17 divide 47940?
True
Does 9 divide 11758225?
False
Does 299 divide 29958?
False
Is 120 a factor of 152760?
True
Does 7 divide 18294?
False
Is 25 a factor of 137684?
False
Is 7 a factor of 93400?
False
Does 39 divide 810225?
True
Is 23 a factor of 51983?
False
Is 21 a factor of 154203?
True
Does 12 divide 1716?
True
Does 12 divide 474753?
False
Does 136 divide 8602272?
True
Is 654658 a multiple of 79?
False
Is 339 a factor of 505890?
False
Is 1295 a factor of 3763270?
True
Does 16 divide 4124464?
True
Does 40 divide 82183?
False
Is 11692 a multiple of 158?
True
Is 486239 a multiple of 210?
False
Is 222 a factor of 842048?
False
Is 133792 a multiple of 16?
True
Is 236 a factor of 2151700?
False
Is 28 a factor of 361817?
False
Does 249 divide 9771258?
True
Is 166116 a multiple of 254?
True
Is 1037341 a multiple of 12?
False
Does 119 divide 234906?
True
Does 294 divide 4377093?
False
Does 122 divide 414556?
True
Is 1593356 a multiple of 4?
True
Does 18 divide 1392532?
False
Is 69632 a multiple of 8?
True
Does 705 divide 7058625?
False
Does 906 divide 1963302?
True
Is 243012 a multiple of 32?
False
Does 4 divide 694202?
False
Does 41 divide 5969380?
False
Does 129 divide 1108431?
False
Is 134756 a multiple of 571?
True
Is 2 a factor of 252021?
False
Does 108 divide 1310040?
True
Is 7885200 a multiple of 12?
True
Does 102 divide 7654066?
False
Is 780 a factor of 3246476?
False
Is 341876 a multiple of 157?
False
Does 100 divide 334900?
True
Does 53 divide 34662?
True
Is 1076464 a multiple of 19?
True
Is 5228406 a multiple of 146?
True
Is 32 a factor of 3606026?
False
Does 2 divide 814770?
True
Is 4790296 a multiple of 262?
False
Is 561 a factor of 126939?
False
Does 15 divide 795097?
False
Is 19 a factor of 263473?
True
Is 229 a factor of 21388829?
True
Is 255280 a multiple of 40?
True
Is 2328652 a multiple of 101?
False
Does 251 divide 321782?
True
Is 58708 a multiple of 17?
False
Is 7677075 a multiple of 49?
True
Is 4769019 a multiple of 167?
True
Is 233019 a multiple of 51